{"id":134,"date":"2019-09-19T21:02:37","date_gmt":"2019-09-19T19:02:37","guid":{"rendered":"https:\/\/torstenpinne.eclabs.de\/?page_id=134"},"modified":"2024-11-22T13:09:46","modified_gmt":"2024-11-22T11:09:46","slug":"herzlich-willkommen-2","status":"publish","type":"page","link":"https:\/\/video-kiel.de\/","title":{"rendered":"HERZLICH WILLKOMMEN"},"content":{"rendered":"\n<p><\/p>\n\n\n\n<p style=\"font-size:18px\">Sch\u00f6n, dass Sie den Weg auf meine Webseite gefunden haben.<\/p>\n\n\n\n<p style=\"font-size:18px\">Mein Name ist Torsten Pinne,  ich produziere Videos f\u00fcr den Einsatz im Internet.<\/p>\n\n\n\n<p style=\"font-size:18px\">Schauen Sie sich einige meiner <a href=\"https:\/\/torstenpinne.eclabs.de\/?page_id=35\">Arbeiten<\/a> an und <\/p>\n\n\n\n<p style=\"font-size:18px\">nehmen Sie gerne  <a href=\"https:\/\/torstenpinne.eclabs.de\/?page_id=9\">Kontakt<\/a>  mit mir auf.<\/p>\n\n\n\n<p><\/p>\n\n\n\n<p style=\"font-size:18px\">Ich w\u00fcrde mich \u00fcber eine Zusammenarbeit sehr freuen.<\/p>\n\n\n\n<p class=\"has-text-align-left\" style=\"font-size:18px\">Mit freundlichen Gr\u00fc\u00dfen<\/p>\n\n\n\n<p style=\"font-size:18px\">Torsten Pinne<\/p>\n\n\n\n<p><\/p>\n","protected":false},"excerpt":{"rendered":"<p>Sch\u00f6n, dass Sie den Weg auf meine Webseite gefunden haben. Mein Name ist Torsten Pinne, ich produziere Videos f\u00fcr den Einsatz im Internet. Schauen Sie sich einige meiner Arbeiten an und nehmen Sie gerne Kontakt mit mir auf. Ich w\u00fcrde mich \u00fcber eine Zusammenarbeit sehr freuen. Mit freundlichen Gr\u00fc\u00dfen Torsten Pinne<\/p>\n","protected":false},"author":1,"featured_media":0,"parent":0,"menu_order":0,"comment_status":"closed","ping_status":"closed","template":"","meta":{"footnotes":""},"class_list":["post-134","page","type-page","status-publish","hentry"],"_links":{"self":[{"href":"https:\/\/video-kiel.de\/index.php?rest_route=\/wp\/v2\/pages\/134","targetHints":{"allow":["GET"]}}],"collection":[{"href":"https:\/\/video-kiel.de\/index.php?rest_route=\/wp\/v2\/pages"}],"about":[{"href":"https:\/\/video-kiel.de\/index.php?rest_route=\/wp\/v2\/types\/page"}],"author":[{"embeddable":true,"href":"https:\/\/video-kiel.de\/index.php?rest_route=\/wp\/v2\/users\/1"}],"replies":[{"embeddable":true,"href":"https:\/\/video-kiel.de\/index.php?rest_route=%2Fwp%2Fv2%2Fcomments&post=134"}],"version-history":[{"count":37,"href":"https:\/\/video-kiel.de\/index.php?rest_route=\/wp\/v2\/pages\/134\/revisions"}],"predecessor-version":[{"id":543,"href":"https:\/\/video-kiel.de\/index.php?rest_route=\/wp\/v2\/pages\/134\/revisions\/543"}],"wp:attachment":[{"href":"https:\/\/video-kiel.de\/index.php?rest_route=%2Fwp%2Fv2%2Fmedia&parent=134"}],"curies":[{"name":"wp","href":"https:\/\/api.w.org\/{rel}","templated":true}]}}